 1207 and w?
71
Let o = -148 + 207. Suppose 0 = 2*v - o + 5. Let g(n) = n**2 - 62*n - 372. Let i be g(-6). What is the highest common factor of v and i?
9
Suppose 11 - 2719 = 4*w + 2*d, -2*d - 1358 = 2*w. Let u = w + 272. Let m = -286 - u. Calculate the highest common factor of 13 and m.
13
Let l(j) = 114*j + 486. Let z be l(5). What is the greatest common divisor of z and 165?
33
Let y be 253880/77 - 4/10*15/(-7). What is the highest common factor of 68 and y?
34
Let a(l) = 39*l + 330. Let z be a(-3). What is the highest common divisor of z and 3053?
71
Suppose 0 = -19*a + 21*a + 8. Let v be (a - 18/(-5))*-70. Suppose -f = f - v. What is the highest common factor of 14 and f?
14
Let n(i) = -16*i**2 + 6*i - 4. Let z be n(2). Let f be z/(-5)*(-235)/(-94). What is the highest common factor of 350 and f?
14
Let b(r) = r**2 + 10*r - 10. Let t be b(-6). Let a be (-2)/17 - 14454/t. What is the greatest common factor of 25 and a?
25
Let y = 8452 - 8430. Suppose 0 = -3*q - k - 4*k + 264, -2*k = 0. What is the greatest common divisor of y and q?
22
Suppose -158 = -4*c + 3*n, 4*n - 15 = 5*c - 213. Let p be 2/(-3) + c/3. What is the highest common divisor of p and 144?
12
Let o(z) = z**3 + 10*z**2 - 10*z + 17. Let l be o(-11). Let t be (-18)/(-108) + 1223/l. What is the highest common factor of 12 and t?
12
Let l be (129/172)/(3/224). Calculate the highest common factor of 2898 and l.
14
Suppose -15*j = 25*j - 24*j - 14336. What is the highest common factor of 532 and j?
28
Let v be (-1*4/(-8))/(46/77280). Calculate the greatest common divisor of 90 and v.
30
Let c = -700 - -383. Let z = 377 + c. Calculate the greatest common divisor of z and 40.
20
Let h(g) = 13*g**2 - 93*g - 159. Let n be h(9). Let s = 365 - 232. Calculate the greatest common factor of n and s.
19
Let r = 817 - 391. Suppose 430 = 2*v - a, 2*a + a = 2*v - r. What is the highest common factor of 24 and v?
24
Let z(m) = 85*m**2 + 19*m - 80. Let n be z(-12). Calculate the highest common divisor of 76 and n.
76
Suppose -2*i + 154 - 42 = 0. Suppose -250*c + i = -248*c. Calculate the greatest common factor of c and 35.
7
Let u = -1222 - -1246. What is the highest common divisor of 40 and u?
8
Suppose 3*h - 60 = -6*y + 231, 4*h - 4*y - 376 = 0. What is the greatest common factor of h and 2147?
19
Suppose -5786 = -4*n - 2*b, -3*n - b + 4364 = 4*b. Calculate the highest common factor of 117 and n.
39
Suppose -18 = -7*a - 2*a. Let y be 3/(-1) + (-2590)/(-14) + a. What is the greatest common factor of y and 23?
23
Let t be (44/(-209))/4 - (-2281)/19. Calculate the highest common divisor of 1848 and t.
24
Let b(q) = 68*q - 242. Let y be b(4). Calculate the greatest common factor of 48 and y.
6
Let l = -35 + 131. Suppose l*g = 94*g + 48. Calculate the greatest common factor of 6 and g.
6
Let u = -10 - -29. Suppose 2728 = 5*r - 3*b, -27*r + 30*r - 1689 = -4*b. What is the highest common factor of u and r?
19
Let y(q) = 5*q**2 - 42*q + 197. Let a be y(19). What is the greatest common divisor of a and 84?
28
Let i(b) = 11*b - 30. Suppose 2*z = -0*p - 4*p + 48, 40 = 2*p + 5*z. Let d be i(p). Let c = 117 - d. Calculate the highest common divisor of 74 and c.
37
Suppose 0 = -4*x + 2*i + 14, -5*i + 45 = 31 - 31. Let g be (39*-8)/(6/(-4)). Calculate the highest common divisor of x and g.
8
Let n(b) = b**3 + b**2 - 6*b - 12. Let q be n(-2). Let l(i) = 5*i**2 - 3*i - 28. Let j be l(q). What is the highest common divisor of j and 56?
8
Suppose 3*a = 6*s + 288, 6*s = 5*a + 7*s - 513. Calculate the greatest common divisor of a and 357.
51
Let k(s) = s**2 - 15*s + 56. Let a be k(11). Let r(j) = -j**2 - 24*j - 11. Let q be r(-11). Calculate the highest common divisor of a and q.
12
Let c be 1*((-4)/10)/((-18)/45). Let n be (1 - (c + -2)) + 188. What is the highest common divisor of n and 38?
38
Let s be (-1)/2*(-5)/((-15)/(-174)). Suppose -s*w + 10*w = -380. Let p(b) = -b + 16. Let l be p(6). What is the greatest common factor of w and l?
10
Let q = 3406 + -2818. Calculate the highest common factor of q and 280.
28
Let h = 57 + -59. Let v be 16758/95 + ((-4)/(-5))/h. Calculate the greatest common factor of 11 and v.
11
Let s(j) = -4*j**2 - 27*j + 13. Let n be s(-14). Let w = 405 + n. What is the greatest common divisor of 10 and w?
2
Let i = 15410 - 14681. What is the highest common divisor of i and 3321?
81
Let s be (-19320)/1680*(-168)/46. Let m = -11 - -15. Suppose 2*l - l = m, l = 5*x - 1886. Calculate the highest common factor of x and s.
42
Let u be (48/(-10))/(2/(-10)). Suppose 100*w = 93*w - 77. Let v be 250*4/24 - w/33. Calculate the greatest common divisor of v and u.
6
Let h = 9530 - 9490. What is the greatest common factor of 155 and h?
5
Let c = 32746 + -30428. What is the highest common factor of 152 and c?
38
Suppose 3*g - 227 = 274. Let v = g + -150. What is the greatest common factor of 68 and v?
17
Let k(r) = 63*r - 93. Let o be k(7). Suppose o = 7*y - 184. Calculate the greatest common divisor of 4 and y.
4
Suppose 4*k + 9*k = -18*k + 930. What is the highest common factor of 2910 and k?
30
Suppose 0 = 3*k + 3*o - 117, 28*k + 5*o - 27 = 27*k. What is the greatest common factor of k and 721?
7
Let o = -254 - -260. Let m be (-19)/(-114) + 287/o. What is the greatest common divisor of m and 36?
12
Suppose -4*o + 568 = 3*y, -2*y = -y + 5*o - 171. Let l = -53 + y. Let b be 25/2 - (-4)/8. Calculate the highest common factor of b and l.
13
Suppose -2323*o = -2341*o + 1188. What is the greatest common divisor of o and 1375?
11
Let o(y) = y**2 + 38*y + 287. Let r be o(-31). What is the greatest common divisor of 7 and r?
7
Let p be 20/(-15) - (-100)/(-15). Let n(v) = -v**3 - 2*v**2 + 37*v - 8. Let q be n(p). Let s be (64/6)/(1/3). Calculate the greatest common divisor of q and s.
16
Let d(j) be the third derivative of -j**5/60 - 17*j**4/12 - 61*j**3/6 + 86*j**2. Let p be d(-26). What is the highest common factor of p and 196?
49
Let r(c) = c**3 + 4*c**2 + 5*c - 3. Let h be r(5). Let i = 111489 + -111470. What is the greatest common divisor of h and i?
19
Let i = 10 + -19. Let v(c) = -c**2 - 15*c + 2. Let f be v(i). Let n be (-10)/(20/(-3)) + (-3)/(-6) + 5. What is the greatest common factor of f and n?
7
Let b(n) = 10*n**3 - 4*n**2 - 17*n + 77. Let s be b(4). Calculate the greatest common divisor of s and 81.
9
Suppose 3*t - 5*n + 10*n - 52 = 0, -2*n = -t + 10. Suppose t = -22*j + 58. Calculate the highest common divisor of j and 9.
1
Let d(o) = -77*o - 4680. Let p be d(-84). What is the highest common factor of p and 348?
12
Let x be 5/10*2*15. Suppose 132 = 3*d + 2*b, -4*d + 4*b = -181 - x. Calculate the highest common divisor of 92 and d.
46
Let z be (27/(-6))/((-114)/93860). What is the greatest common factor of z and 65?
65
Suppose 9*x - 388343 + 14081 = -29*x. Calculate the highest common factor of 147 and x.
147
Suppose k = -4*k + 1720. Suppose 5*h + 4 + 105 = 3*s, 4*s = -58*h - 954. Calculate the highest common factor of k and s.
8
Suppose -2*u + 60 = 2*u. Suppose -295 = -59*j - 0. What is the greatest common divisor of j and u?
5
Suppose -16 = 5*d - 8*d + y, -2*d - 8 = 4*y. Let f be 7/((-7)/(-2)) - 2. Suppose 0 = -4*m - f*m + 16. Calculate the greatest common factor of m and d.
4
Let y be (22570/(-732))/(1/(-6)). Calculate the highest common divisor of y and 407.
37
Let q(h) = -275*h - 38. Let n be q(-6). What is the greatest common divisor of 124 and n?
124
Let s(f) = f**2 + 10*f + 9. Let h be s(-10). Let u be (-386 + (4 - h)*1)*-1. What is the highest common factor of u and 34?
17
Let n = 37 + -34. Suppose -n*f - 4 = -2*a + 3, -2*f - 4*a = -22. Let j be (-3 - (1*-26)/f)*1. What is the highest common factor of j and 184?
23
Let p = 26399 - 19767. What is the greatest common factor of 8 and p?
8
Let z = -5527 + 5757. Calculate the highest common divisor of z and 20.
10
Let f be ((-3147)/(1/(-1)))/(5697/47475). What is the greatest common factor of f and 50?
25
Let y = -12677 - -13433. What is the greatest common factor of y and 3108?
84
Let x be ((-2)/(-7) - (-20050)/875)/(6/15). Calculate the greatest common divisor of 33002 and x.
58
Let k(i) = -7*i**3 + 139*i**2 + 67*i - 43. Let z be k(19). What is the greatest common divisor of z and 24?
12
Suppose 0 = -t - u + 822, -13*t = -2*u + 4403 